{"id":656,"date":"2023-12-12T17:41:11","date_gmt":"2023-12-12T16:41:11","guid":{"rendered":"https:\/\/gaz-gudensberg.de\/spenden\/?post_type=product&#038;p=656"},"modified":"2025-04-01T09:40:06","modified_gmt":"2025-04-01T07:40:06","slug":"ausweisdrucker-fuer-die-lernleuchten","status":"publish","type":"product","link":"https:\/\/gaz-gudensberg.de\/spenden\/produkt\/ausweisdrucker-fuer-die-lernleuchten\/","title":{"rendered":"Ausweisdrucker f\u00fcr das Lernleuchten"},"content":{"rendered":"<p>Noch sind wir mit den Ausweisen unserer Sch\u00fclerInnen und LehrerInnen nicht ganz gl\u00fccklich. Dieser Drucker soll die L\u00f6sung sein: Feste Ausweise, die individuell gestaltet werden k\u00f6nnen. In Zukunft vielleicht auch mit Chip?!<\/p>\n<p>Das Produktbild ist von: https:\/\/identbase.de<\/p>\n<p><strong>Hinweis:<\/strong> Sie erwerben nicht das Produkt selbst. Sie spenden f\u00fcr uns, damit die Schule das Produkt anschaffen kann! Das angeschaffte Produkt kann anders aussehen!<\/p>\n","protected":false},"excerpt":{"rendered":"<p><strong>Gemeinsschaftsspende<\/strong><\/p>\n<p>Gemeinsam das Ziel erreichen:<\/p>\n<p><strong>Spendenziel: 2.400 \u20ac<\/strong><\/p>\n","protected":false},"featured_media":762,"template":"","meta":[],"product_cat":[23],"product_tag":[],"_links":{"self":[{"href":"https:\/\/gaz-gudensberg.de\/spenden\/wp-json\/wp\/v2\/product\/656"}],"collection":[{"href":"https:\/\/gaz-gudensberg.de\/spenden\/wp-json\/wp\/v2\/product"}],"about":[{"href":"https:\/\/gaz-gudensberg.de\/spenden\/wp-json\/wp\/v2\/types\/product"}],"wp:featuredmedia":[{"embeddable":true,"href":"https:\/\/gaz-gudensberg.de\/spenden\/wp-json\/wp\/v2\/media\/762"}],"wp:attachment":[{"href":"https:\/\/gaz-gudensberg.de\/spenden\/wp-json\/wp\/v2\/media?parent=656"}],"wp:term":[{"taxonomy":"product_cat","embeddable":true,"href":"https:\/\/gaz-gudensberg.de\/spenden\/wp-json\/wp\/v2\/product_cat?post=656"},{"taxonomy":"product_tag","embeddable":true,"href":"https:\/\/gaz-gudensberg.de\/spenden\/wp-json\/wp\/v2\/product_tag?post=656"}],"curies":[{"name":"wp","href":"https:\/\/api.w.org\/{rel}","templated":true}]}}